{"id":104,"date":"2021-03-29T14:01:11","date_gmt":"2021-03-29T12:01:11","guid":{"rendered":"https:\/\/www.sageauthie.fr\/?page_id=104"},"modified":"2021-10-21T10:00:02","modified_gmt":"2021-10-21T08:00:02","slug":"les-arretes-et-deliberations","status":"publish","type":"page","link":"https:\/\/www.sageauthie.fr\/index.php\/les-arretes-et-deliberations\/","title":{"rendered":"Les arr\u00eat\u00e9s"},"content":{"rendered":"\n<div class=\"wp-block-file\"><a href=\"https:\/\/www.sageauthie.fr\/wp-content\/uploads\/2021\/03\/AR-definition-perimetre.pdf\">Arr\u00eat\u00e9 de p\u00e9rim\u00e8tre du SAGE de l&rsquo;Authie<\/a><a href=\"https:\/\/www.sageauthie.fr\/wp-content\/uploads\/2021\/03\/AR-definition-perimetre.pdf\" class=\"wp-block-file__button\" download>T\u00e9l\u00e9charger<\/a><\/div>\n\n\n\n<div class=\"wp-block-file\"><a href=\"https:\/\/www.sageauthie.fr\/wp-content\/uploads\/2021\/03\/AP-structure-commission-locale-eau-SAGE-Authie.pdf\">AP-structure-commission-locale-eau-SAGE-Authie<\/a><a href=\"https:\/\/www.sageauthie.fr\/wp-content\/uploads\/2021\/03\/AP-structure-commission-locale-eau-SAGE-Authie.pdf\" class=\"wp-block-file__button\" download>T\u00e9l\u00e9charger<\/a><\/div>\n\n\n\n<div class=\"wp-block-file\"><a href=\"https:\/\/www.sageauthie.fr\/wp-content\/uploads\/2021\/10\/211011AP-CLE-SAGE-Authie-modificatif.pdf\">211011AP-CLE-SAGE-Authie-modificatif<\/a><a href=\"https:\/\/www.sageauthie.fr\/wp-content\/uploads\/2021\/10\/211011AP-CLE-SAGE-Authie-modificatif.pdf\" class=\"wp-block-file__button\" download>T\u00e9l\u00e9charger<\/a><\/div>\n\n\n","protected":false},"excerpt":{"rendered":"","protected":false},"author":2,"featured_media":0,"parent":0,"menu_order":0,"comment_status":"closed","ping_status":"closed","template":"","meta":{"footnotes":""},"class_list":["post-104","page","type-page","status-publish","hentry"],"_links":{"self":[{"href":"https:\/\/www.sageauthie.fr\/index.php\/wp-json\/wp\/v2\/pages\/104","targetHints":{"allow":["GET"]}}],"collection":[{"href":"https:\/\/www.sageauthie.fr\/index.php\/wp-json\/wp\/v2\/pages"}],"about":[{"href":"https:\/\/www.sageauthie.fr\/index.php\/wp-json\/wp\/v2\/types\/page"}],"author":[{"embeddable":true,"href":"https:\/\/www.sageauthie.fr\/index.php\/wp-json\/wp\/v2\/users\/2"}],"replies":[{"embeddable":true,"href":"https:\/\/www.sageauthie.fr\/index.php\/wp-json\/wp\/v2\/comments?post=104"}],"version-history":[{"count":10,"href":"https:\/\/www.sageauthie.fr\/index.php\/wp-json\/wp\/v2\/pages\/104\/revisions"}],"predecessor-version":[{"id":522,"href":"https:\/\/www.sageauthie.fr\/index.php\/wp-json\/wp\/v2\/pages\/104\/revisions\/522"}],"wp:attachment":[{"href":"https:\/\/www.sageauthie.fr\/index.php\/wp-json\/wp\/v2\/media?parent=104"}],"curies":[{"name":"wp","href":"https:\/\/api.w.org\/{rel}","templated":true}]}}